ert -20001122022 (base 3) to base 7.
-1004540
Convert -385066 (base 9) to base 5.
-24431330
-3003c (base 15) to base 4
-211011330
-388477 (base 13) to base 12
-557551
Convert 46345536 (base 8) to base 15.
d415d0
211312310130 (base 4) to base 2
100101110110110100011100
Convert 10244512 (base 8) to base 11.
125aa57
Convert 7175a (base 13) to base 2.
110001101001110110
-1357f9 (base 16) to base 14
-24ddc5
-89e (base 16) to base 8
-4236
What is 30033515 (base 6) in base 16?
ce2f7
What is -232344041 (base 5) in base 12?
-431007
Convert -2eef6 (base 16) to base 4.
-232323312
Convert 178528 (base 9) to base 14.
2c779
-2332420 (base 5) to base 11
-2a224
Convert da577 (base 16) to base 10.
894327
a316e (base 16) to base 6
22152354
What is -112212202201022 (base 3) in base 10?
-7907984
What is 47557 (base 14) in base 15?
36804
22155451 (base 6) to base 16
a3417
Convert 22021112202 (base 3) to base 13.
5923a
121111212100 (base 3) to base 12
138123
Convert 3814286 (base 9) to base 13.
579177
Convert -344131 (base 5) to base 9.
-18025
-501215253 (base 6) to base 3
-120220221201220
Convert -79400b (base 12) to base 15.
-28369b
What is 4d226 (base 16) in base 11?
1a6410
Convert -210004120 (base 5) to base 3.
-1121200120112
Convert 45abc (base 13) to base 6.
2420150
-10022433402 (base 5) to base 4
-212001211221
What is -184790 (base 10) in base 6?
-3543302
Convert 15524304 (base 7) to base 12.
605370
-2302514 (base 7) to base 5
-33133121
Convert -a90d3 (base 15) to base 9.
-1007340
Convert -44251 (base 6) to base 2.
-1100000000111
Convert 11220540 (base 7) to base 13.
284016
Convert 13534232 (base 7) to base 2.
100110101110111100101
Convert -24505562 (base 8) to base 11.
-3065394
10212012 (base 3) to base 10
2813
-32a38 (base 11) to base 15
-e291
111110111100110 (base 2) to base 3
1122012201
22221110112 (base 4) to base 7
32502042
What is -13100420 (base 5) in base 8?
-372353
What is 5ab1b3 (base 12) in base 9?
2681510
35401452 (base 7) to base 5
1300023203
Convert -52025 (base 16) to base 7.
-2566220
What is -21b30 (base 12) in base 4?
-22330110
What is -442260 (base 7) in base 4?
-102331122
What is -30a7b (base 14) in base 9?
-187832
Convert 3a495ac (base 13) to base 12.
617a835
Convert -638240 (base 11) to base 14.
-1c8203
Convert 1451411 (base 6) to base 12.
40b67
-261b5 (base 12) to base 14
-14dcd
Convert 401825 (base 9) to base 2.
111010000000011100
What is 6532468 (base 9) in base 15?
493998
19871d (base 15) to base 5
304243403
What is 1a9a9 (base 15) in base 7?
510234
Convert -20a45a (base 12) to base 5.
-112444330
Convert -219a43 (base 11) to base 10.
-349979
Convert -41f23 (base 16) to base 7.
-2203336
Convert -419d2 (base 14) to base 3.
-22001020001
What is -25200125 (base 7) in base 10?
-2269013
What is 12275 (base 16) in base 11?
50958
What is 100102212120210 (base 3) in base 11?
2917114
What is 3257002 (base 9) in base 15?
24893b
Convert -6b7a26 (base 12) to base 15.
-243e89
-34e91 (base 15) to base 14
-45673
10aac (base 16) to base 14
1ac44
Convert 908706 (base 10) to base 9.
1634453
-3d808 (base 15) to base 16
-303b6
What is -10110100111101000000111 (base 2) in base 9?
-12136640
5b248 (base 12) to base 9
206682
Convert 879909 (base 11) to base 7.
14635133
What is -221014036 (base 7) in base 4?
-302232213121
What is 7353224 (base 8) in base 6?
105525044
100000111212 (base 3) to base 2
101011010101110001
What is -11011010001100010101001 (base 2) in base 8?
-33214251
Convert -86051 (base 10) to base 15.
-1a76b
Convert 3149564 (base 10) to base 6.
151301152
What is -101001001011110110 (base 2) in base 16?
-292f6
Convert -3413404 (base 8) to base 11.
-580841
1410403332 (base 5) to base 13
99386a
What is -566222 (base 13) in base 11?
-117479a
What is 122201112212210 (base 3) in base 4?
203323220322
210232120121 (base 4) to base 16
92e619
-466665 (base 10) to base 2
-1110001111011101001
Convert -12562566 (base 7) to base 12.
-47a359
What is 42086b (base 12) in base 8?
3753323
What is -40362703 (base 8) in base 10?
-8512963
122220021221 (base 3) to base 10
352321
26659 (base 10) to base 9
40511
Convert 836a67 (base 14) to base 13.
bc4381
101111010000010111 (base 2) to base 7
1434212
3005336 (base 8) to base 3
1111002121011
What is -134354344 (base 7) in base 5?
-4221120003
Convert 10041103 (base 7) to base 15.
116e97
-102132221333 (base 4) to base 3
-100010002221022
331231333 (base 4) to base 15
4ed84
101098 (base 11) to base 6
3252133
Convert 10114103 (base 8) to base 16.
209843
Convert -111010010000010110 (base 2) to base 4.
-322100112
What is -12132102 (base 5) in base 3?
-12211021101
-5ab26 (base 12) to base 10
-122574
-4853c0 (base 14) to base 7
-30010130
What is -169191 (base 10) in base 11?
-106130
What is 3142 (base 13) in base 9?
10311
What is -1a0797 (base 13) in base 6?
-22035134
Convert 10046465 (base 7) to base 15.
117818
What is -1201112112000 (base 3) in base 4?
-3133220202
What is -1431583 (base 11) in base 16?
-259013
Convert -115531344 (base 7) to base 13.
-16763ca
Convert -11495 (base 14) to base 16.
-a45b
What is 555105 (base 7) in base 4?
113320101
What is -10120022100120 (base 3) in base 7?
-22053462
Convert -1132131121 (base 4) to base 8.
-1363531
What is 315dba (base 15) in base 6?
122201421
What is 379988 (base 11) in base 12?
24a644
Convert -5816251 (base 9) to base 4.
-23332302010
2025453 (base 8) to base 16
82b2b
-35877 (base 13) to base 9
-158530
What is 6560367 (base 8) in base 12?
70b49b
64b34 (base 13) to base 16
2c728
What is 15c4aa3 (base 15) in base 3?
1002202021111000
-203301103300 (base 4) to base 9
-18571747
Convert 2193c58 (base 14) to base 2.
111100110110110110010110
What is 461163 (base 10) in base 14?
c00c3
7b92 (base 15) to base 9
38882
Convert 2710705 (base 9) to base 2.
101101010001001011110
-10044552 (base 6) to base 12
-119758
10010100011000111 (base 2) to base 14
1d98b
1628035 (base 9) to base 4
3130320101
What is e39e5 (base 15) in base 4?
2300003123
Convert -5943 (base 16) to base 12.
-11283
What is 74377c (base 13) in base 2?
1010011000010110010100
What is -21100442 (base 5) in base 7?
-1326363
What is -11120011121 (base 3) in base 16?
-15ebf
Convert 1a292b (base 14) to base 16.
e2dfb
What is 8382182 (base 9) in base 7?
53050214
-1173a9 (base 11) to base 4
-231102103
Convert 4240431 (base 7) to base 9.
863106
34a3c4 (base 16) to base 3
20111021020020
Convert 342030404 (base 5) to base 3.
2212002202120
-1441564 (base 11) to base 4
-21130210233
136713 (base 8) to base 10
48587
-1467b (base 14) to base 2
-1100010111110101
What is 9377291 (base 11) in base 16?
fc5ed4
What is 101001011011000000 (base 2) in base 10?
169664
Convert -105360036 (base 7) to base 16.
-61edec
What is 3508154 (base 9) in base 2?
111001110110001101010
What is -41b6c4 (base 15) in base 2?
-1011111011011000000000
Convert 11000000001011010101 (base 2) to base 15.
108372
11002121222 (base 3) to base 16
13b08
What is -bd50b (base 15) in base 11?
-38122a
1120102021 (base 3) to base 5
1442142
Convert 2211421 (base 6) to base 3.
12121121211
What is 2274120 (base 13) in base 6?
1015145430
-104acb5 (base 13) to base 4
-102330031033
-3133446 (base 9) to base 8
-6310530
-58ba53 (base 12) to base 7
-15105504
Convert 11564354 (base 7) to base 16.
fe327
What is -12121126 (base 7) in base 15?
-1653c7
-101001000011011 (base 2) to base 6
-241151
-23123310 (base 4) to base 15
-dd26
Convert -1bb40f (base 16) to base 14.
-353915
Convert 13aa655 (base 11) to base 3.
11112201001121
Convert -1022531 (base 7) to base 9.
-207245
What is 329a710 (base 11) in base 8?
26036302
Convert 4043616 (base 8) to base 10.
1066894
What is -539cc (base 13) in base 3?
-21200020202
What is -100010101110010 (base 2) in base 11?
-123a2
Convert 11130111 (base 4) to base 8.
53425
-802d6 (base 14) to base 10
-307908
-106671 (base 8) to base 10
-36281
What is 552530122 (base 6) in base 11?
567552a
Convert -496165 (base 11) to base 7.
-6444104
Convert -36316 (base 16) to base 14.
-5ac74
Convert -3366502 (base 10) to base 13.
-90b419
22021021222 (base 3) to base 14
43474
Convert -a351 (base 11) to base 2.
-11010110100001
235541 (base 8) to base 12
3a881
Convert -112210120110 (base 3) to base 2.
-1000111000111011000
Convert -66565 (base 13) to base 9.
-312374
3305251 (base 7) 